 composite number?
True
Is 1817831 a prime number?
False
Is 14387779 composite?
True
Is 3378863 a composite number?
True
Is 39546407 prime?
False
Is 141493537 a composite number?
True
Is 10281479 a composite number?
True
Is 768786001 composite?
False
Is 11135567 composite?
False
Is 248764421 prime?
False
Is 11576283 prime?
False
Is 662579 a composite number?
True
Is 6407287 prime?
False
Is 7795915 a composite number?
True
Is 1013219 composite?
True
Is 115436693 prime?
False
Is 26618159 prime?
True
Is 21825469 a composite number?
False
Is 117475801 a composite number?
False
Is 13131553 a prime number?
True
Is 82417651 prime?
True
Is 24337598 a composite number?
True
Is 11687593 prime?
False
Is 37082933 prime?
False
Is 3472739 prime?
True
Is 379999289 a composite number?
False
Is 272733 a prime number?
False
Is 331781 a composite number?
False
Is 974479 composite?
True
Is 23592113 a composite number?
False
Is 8577154 a prime number?
False
Is 4783313 prime?
False
Is 99967235 a prime number?
False
Is 5185289 prime?
False
Is 13819089 a prime number?
False
Is 72591873 a prime number?
False
Is 79798007 composite?
False
Is 3483743 a composite number?
True
Is 3765603 a composite number?
True
Is 3947543 prime?
False
Is 75991367 prime?
True
Is 81528119 composite?
False
Is 37019891 a prime number?
False
Is 629483 a prime number?
True
Is 352258151 prime?
False
Is 1094167 a composite number?
True
Is 11526001 a composite number?
True
Is 3635987 composite?
False
Is 429497 prime?
True
Is 59921495 composite?
True
Is 13617491 a prime number?
False
Is 5323693 composite?
False
Is 2779115 a prime number?
False
Is 115923233 prime?
True
Is 44071613 a prime number?
False
Is 51044313 prime?
False
Is 595522703 a prime number?
True
Is 432257 a composite number?
True
Is 4360429 a composite number?
True
Is 1561919 composite?
False
Is 5794147 composite?
True
Is 43543883 prime?
False
Is 29629 a prime number?
True
Is 6703617 prime?
False
Is 200316502 prime?
False
Is 110407 prime?
False
Is 6018529 prime?
False
Is 48472603 prime?
False
Is 39475687 composite?
False
Is 3137051 a prime number?
True
Is 65549305 a prime number?
False
Is 25298027 a prime number?
True
Is 425623 a composite number?
True
Is 98773871 a prime number?
False
Is 132939743 prime?
False
Is 33028663 a prime number?
True
Is 331301735 a composite number?
True
Is 188655809 prime?
True
Is 2322853 a prime number?
False
Is 43993559 composite?
False
Is 1741319 prime?
True
Is 623477 composite?
False
Is 3937469 a prime number?
True
Is 9079729 composite?
True
Is 353867 a prime number?
True
Is 11286059 composite?
False
Is 670732009 composite?
False
Is 11053951 prime?
True
Is 116788367 prime?
False
Is 3118139 prime?
True
Is 26719657 prime?
False
Is 14248853 a prime number?
False
Is 2487209 a composite number?
True
Is 8793737 a composite number?
False
Is 4809547 composite?
False
Is 271283 prime?
False
Is 510001 a prime number?
False
Is 376842253 composite?
True
Is 529387049 prime?
True
Is 2404819 prime?
True
Is 210971 composite?
True
Is 41304607 prime?
True
Is 4762083 prime?
False
Is 3695233 composite?
False
Is 29241313 prime?
True
Is 14724137 a prime number?
False
Is 206622959 prime?
True
Is 4106189 prime?
True
Is 29843299 a composite number?
True
Is 24533347 prime?
False
Is 64506503 composite?
True
Is 5033001 a composite number?
True
Is 8018063 a composite number?
True
Is 10453745 a composite number?
True
Is 88440151 composite?
False
Is 138130445 composite?
True
Is 848489549 a composite number?
False
Is 335857 prime?
True
Is 116758549 a composite number?
False
Is 1290954713 a prime number?
True
Is 13358297 prime?
False
Is 2178041 a composite number?
True
Is 94078417 a composite number?
True
Is 2941339 composite?
False
Is 81049151 a prime number?
True
Is 13176253 prime?
False
Is 22971313 a prime number?
False
Is 939670753 composite?
True
Is 619967 a prime number?
True
Is 23864383 prime?
False
Is 712669 composite?
False
Is 7623893 a composite number?
False
Is 1132201 prime?
False
Is 41443711 composite?
False
Is 11994599 a prime number?
True
Is 29415803 a prime number?
False
Is 9225001 composite?
True
Is 9401197 a composite number?
True
Is 3686999 a prime number?
True
Is 1509569 composite?
True
Is 735365 prime?
False
Is 26024549 composite?
True
Is 4180051 a prime number?
True
Is 6327917 a composite number?
True
Is 76620953 prime?
True
Is 1659971 composite?
False
Is 233613283 composite?
True
Is 1898227 composite?
False
Is 4122061 a prime number?
False
Is 21325261 prime?
False
Is 124537957 a prime number?
True
Is 18540121 prime?
True
Is 455783 prime?
True
Is 75938699 prime?
False
Is 1972511 composite?
False
Is 52847719 a composite number?
False
Is 11317937 prime?
False
Is 137362313 composite?
True
Is 179745269 prime?
False
Is 135910261 a composite number?
True
Is 1441753013 prime?
True
Is 27437441 a composite number?
False
Is 9492253 prime?
True
Is 598669 a composite number?
False
Is 1064395163 a composite number?
True
Is 1846813 composite?
True
Is 3281469 composite?
True
Is 597429535 a prime number?
False
Is 21921191 a prime number?
True
Is 3558994 composite?
True
Is 5550121 composite?
False
Is 508789 a composite number?
False
Is 4757267 a prime number?
True
Is 234814997 a prime number?
False
Is 21118997 a composite number?
False
Is 1008374 a prime number?
False
Is 3824323 prime?
True
Is 43651241 composite?
False
Is 306931489 composite?
True
Is 8623613 a prime number?
False
Is 248132813 composite?
False
Is 102564079 prime?
True
Is 1595557 a composite number?
False
Is 28749197 a composite number?
False
Is 235438535 a prime number?
False
Is 13678777 a prime number?
False
Is 115250059 prime?
True
Is 32029397 a composite number?
False
Is 50408209 a composite number?
True
Is 77625389 prime?
True
Is 1732799 a prime number?
True
Is 1256359 a prime number?
False
Is 734986453 a prime number?
False
Is 66894365 a prime number?
False
Is 377197 a composite number?
False
Is 309223 a composite number?
False
Is 11553907 a composite number?
True
Is 5630257 composite?
True
Is 12479107 prime?
False
Is 340547 a prime number?
False
Is 1859041 composite?
False
Is 43821667 prime?
True
Is 137605817 a composite number?
False
Is 9630401 a prime number?
False
Is 1101169 a prime number?
True
Is 13651507 composite?
False
Is 112989397 a composite number?
False
Is 2210723 composite?
False
Is 24040309 a composite number?
True
Is 6550923 prime?
False
Is 1776539 a composite number?
False
Is 23128085 composite?
True
Is 7766153 a prime number?
True
Is 2567819 composite?
False
Is 1101071 a prime number?
True
Is 20957759 prime?
False
Is 316718747 composite?
False
Is 8175773 a prime number?
True
Is 5603633 prime?
False
Is 2637469 a prime number?
True
Is 4008703 prime?
False
Is 8731477 composite?
False
Is 30133619 composite?
False
Is 32421769 composite?
True
Is 16059929 prime?
True
Is 2122993 composite?
True
Is 4079189 composite?
False
Is 4173847 composite?
False
Is 3877219 composite?
False
Is 8397353 composite?
False
Is 26166241 composite?
True
Is 221717599 prime?
True
Is 1995437 prime?
False
Is 1298969 composite?
True
Is 459593 a prime number?
True
Is 1245935 a composite number?
True
Is 4786441 a composite number?
True
Is 8100073 composite?
False
Is 6525839 a composite number?
False
Is 20856221 prime?
True
Is 682177813 composite?
True
Is 15609101 composite?
True
Is 538341077 prime?
True
Is 107910371 a composite number?
False
Is 4016093 a composite number?
False
Is 203726767 a composite number?
False
Is 10568699 composite?
True
Is 30822221 prime?
False
Is 217489 composite?
False
Is 103180643 a composite number?
False
Is 52111037 composite?
True
Is 27169537 prime?
True
Is 26627801 prime?
True
Is 65176301 a prime number?
True
Is 5350708021 a composite number?
False
Is 56819173 a composite number?
True
Is 63997 a composite number?
False
Is 4493473 prime?
True
Is 112861901 composite?
False
Is 46493767 prime?
False
Is 42680677 a prime number?
False
Is 39929033 a prime number?
True
Is 24146249 a prime number?
False
Is 8036417 a composite number?
False
Is 10904579 prime?
False
Is 40021393 prime?
False
Is 21853703 prime?
False
Is 2063107 a prime number?
True
Is 1961611615 a prime number?
False
Is 1532171 composite?
True
Is 2836597 a composite number?
False
Is 3813398